{"id":1720,"date":"2019-11-28T07:10:44","date_gmt":"2019-11-28T07:10:44","guid":{"rendered":"http:\/\/www.almendroliva.es\/?page_id=1720"},"modified":"2020-04-16T09:45:07","modified_gmt":"2020-04-16T09:45:07","slug":"politica-de-privacidad-2","status":"publish","type":"page","link":"https:\/\/www.almendroliva.es\/?page_id=1720","title":{"rendered":"POLITICA DE PRIVACIDAD"},"content":{"rendered":"[vc_row][vc_column][vc_column_text]<p><\/p>\n<p>&nbsp;<\/p>\n<p><strong>DATOS PERSONALES Y COOKIES<\/strong><\/p>\n<p><\/p>\n<p><\/p>\n<p>En cumplimiento de lo establecido en la normativa de protecci\u00f3n de datos le informamos de los siguientes aspectos:<\/p>\n<p><\/p>\n<p><\/p>\n<p>Identificaci\u00f3n del Responsable de Tratamiento:<br \/>\u2013 Identidad: S.COOP DE CLM ALMENDRAS SIERRA DE SEGURA<br \/>\u2013 Direcci\u00f3n: POLIGONO AGROPECUARIO, 15-16<br \/>\u2013 Tel\u00e9fono: 967411112<br \/>\u2013 Correo electr\u00f3nico: <a href=\"mailto:almendroliva@almendroliva.com\">almendroliva@almendroliva.com<\/a><\/p>\n<p><\/p>\n<p><\/p>\n<p><strong><br \/>Contenido y aceptaci\u00f3n<\/strong><br \/>Se informa al usuario del tratamiento y protecci\u00f3n de los datos de car\u00e1cter personal recabados a trav\u00e9s del Sitio Web, a fin de que determinen libre y voluntariamente si desean facilitar sus datos personales a trav\u00e9s del presente Sitio Web.<\/p>\n<p><\/p>\n<p><\/p>\n<p>El acceso y uso del Sitio Web implica la plena aceptaci\u00f3n por parte del Usuario del presente documento de Tratamiento de Datos Personales y se obliga a cumplir por completo los t\u00e9rminos y condiciones recogidos en la misma. Por lo tanto, el Usuario debe leer atentamente el presente documento de Tratamiento de Datos Personales en cada una de las ocasiones en que se proponga utilizar el Sitio Web, ya que \u00e9ste puede sufrir modificaciones.<\/p>\n<p><\/p>\n<p><\/p>\n<p>El presente documento de Tratamiento de Datos Personales ser\u00e1 v\u00e1lido \u00fanicamente para los datos de car\u00e1cter personal obtenidos en el Sitio Web, no siendo aplicable para aquella informaci\u00f3n recabada por terceros en otras p\u00e1ginas web, incluso si \u00e9stas se encuentran enlazadas por el Sitio Web.<\/p>\n<p><\/p>\n<p><\/p>\n<p>Finalidad del tratamiento de sus datos personales:<br \/>Gestionar la navegaci\u00f3n del Usuario a trav\u00e9s del Sitio Web, en su caso, as\u00ed como para las finalidades que se indiquen en cada uno de los formularios habilitados en el Sitio Web.<\/p>\n<p><\/p>\n<p><\/p>\n<p><strong><br \/>S.COOP. DE CLM ALMENDRAS SIERRA DE SEGURA<\/strong> tratar\u00e1 los datos de car\u00e1cter personal facilitados por el usuario mediante los correspondientes formularios o por correo electr\u00f3nico, a fin de dar respuesta a las solicitudes enviadas, gestionar los c.v. que podamos recibir, as\u00ed como enviar informaci\u00f3n relacionada con nuestros productos y servicios.<br \/>Asimismo la entidad utilizar\u00e1, en su caso, su informaci\u00f3n para poder suministrarle los productos adquiridos y realizar la facturaci\u00f3n de los mismos.<\/p>\n<p><\/p>\n<p><\/p>\n<p>Se garantiza la confidencialidad de los datos de car\u00e1cter personal facilitados y el cumplimiento de toda la normativa aplicable al efecto.<br \/>Los usuarios garantizan y responden, en cualquier caso, de la veracidad, exactitud, vigencia, autenticidad de los Datos Personales proporcionados, y se comprometen a mantenerlos debidamente actualizados. Asimismo, los usuarios garantizan ser mayores de 14 a\u00f1os. No obstante los usuarios de la tienda, garantizar\u00e1n ser mayores de edad y estar en plena capacidad para contratar.<\/p>\n<p><\/p>\n<p><\/p>\n<p>Asimismo, al pulsar en el bot\u00f3n \u201cEnviar\u201d (o equivalente) incorporado en los citados formularios, el Usuario declara que la informaci\u00f3n y los datos que en ellos ha facilitado son exactos y veraces.<br \/>Los datos proporcionados se conservar\u00e1n mientras se mantenga la relaci\u00f3n comercial o durante los a\u00f1os necesarios para cumplir con las obligaciones legales.<\/p>\n<p><\/p>\n<p><\/p>\n<p>En caso de que se facilitaran datos de car\u00e1cter personal, por personas no titulares de los mismos, el usuario deber\u00e1, con car\u00e1cter previo a su inclusi\u00f3n, informar a dichas personas de los extremos contenidos en los p\u00e1rrafos anteriores. En estos casos, el usuario garantiza que los datos informados son de mayores de 14 a\u00f1os y que la informaci\u00f3n es exacta y veraz. S.COOP. DE CLM ALMENDRAS SIERRA DE SEGURA quedar\u00e1 exenta de cualquier responsabilidad por el incumplimiento por parte del usuario de estos requisitos.<\/p>\n<p><\/p>\n<p><\/p>\n<p><strong>Legitimaci\u00f3n para el tratamiento de sus datos:<\/strong><br \/>La base legal para el tratamiento de sus datos es el inter\u00e9s leg\u00edtimo para dar respuesta a las solicitudes enviadas por usted.<\/p>\n<p><\/p>\n<p><\/p>\n<p>Asimismo, se solicita el consentimiento expreso para aquellas finalidades no contempladas en los casos anteriores como el env\u00edo de informaci\u00f3n comercial. De dar su consentimiento, a trav\u00e9s de la casilla que aparecer\u00e1 en los formularios de recogida de datos, S.COOP. DE CLM ALMENDRAS SIERRA DE SEGURA podr\u00eda ponerse en contacto con el Usuario por correo ordinario, correo electr\u00f3nico, SMS, o cualquier otro medio de comunicaci\u00f3n electr\u00f3nica equivalente, para remitirle comunicaciones comerciales relacionada con los productos y\/servicios que ofrecemos.<br \/>Si en un determinado momento el Usuario no desea seguir recibiendo comunicaciones de esta naturaleza, podr\u00e1 revocar su consentimiento mediante el env\u00edo de la notificaci\u00f3n a la siguiente direcci\u00f3n almendroliva@almendroliva.com, aportando copia de un documento que permita acreditar su identidad, o bien utilizando el link habilitado al efecto en las comunicaciones comerciales que reciba.<\/p>\n<p><\/p>\n<p><\/p>\n<p>Podr\u00e1 revocar los consentimientos para el tratamiento de sus datos, en cualquier momento en la direcci\u00f3n almendroliva@almendroliva.com<\/p>\n<p><\/p>\n<p><\/p>\n<p><strong>Comunicaci\u00f3n o Cesi\u00f3n de datos y Transferencias Internacionales de Datos:<\/strong> No se comunicar\u00e1n los datos de car\u00e1cter personal del Usuario a terceras empresas sin informarle y recabar su previo consentimiento, salvo que exista exigencia legal. Dicha informaci\u00f3n se encontrar\u00e1 en los diferentes formularios de recogida de datos, ofreciendo previamente al Usuario la posibilidad de aceptar o no la cesi\u00f3n, seg\u00fan la finalidad.<br \/>No existen transferencias internacionales de datos.<\/p>\n<p><\/p>\n<p><\/p>\n<p><strong>Cookies:<\/strong><br \/>Al igual que otros sitios web de contenido comercial, el Sitio Web utiliza una tecnolog\u00eda denominada \u201ccookies\u00bb. En la Pol\u00edtica de Cookies est\u00e1 disponible para el Usuario informaci\u00f3n detallada sobre c\u00f3mo utiliza S.COOP. DE CLM ALMENDRAS SIERRA DE SEGURA las cookies. Puede consultar la <a href=\"http:\/\/almendroliva.es\/informacion-sobre-cookies\/\">Pol\u00edtica de Cookies aqu\u00ed.<\/a><\/p>\n<p><\/p>\n<p><\/p>\n<p><strong>Derechos:<\/strong><br \/>Cualquier persona tiene derecho a obtener confirmaci\u00f3n sobre si en S.COOP. DE CLM ALMENDRAS SIERRA DE SEGURA estamos tratando datos personales que les conciernan, y en tal caso, derecho de acceso a sus datos personales, a los fines del tratamiento, y a las categor\u00edas de datos personales de que se trate.<\/p>\n<p><\/p>\n<p><\/p>\n<p>Asimismo, tendr\u00e1 derecho a solicitar la rectificaci\u00f3n de los datos inexactos o, en su caso, solicitar su supresi\u00f3n cuando, los datos ya no sean necesarios para los fines que fueron recogidos; se haya retirado el consentimiento en el que se basa el tratamiento o se oponga al tratamiento; los datos personales se hayan tratado de manera il\u00edcita; o deban suprimirse para el cumplimiento de una obligaci\u00f3n legal establecida en el derecho de la Uni\u00f3n o de los Estados miembros.<\/p>\n<p><\/p>\n<p><\/p>\n<p>Podr\u00e1 solicitar la limitaci\u00f3n del tratamiento de sus datos cuando, impugne la exactitud de los datos personales durante el plazo que permita al responsable verificar la exactitud de los mismos; el tratamiento sea il\u00edcito y el interesado se oponga a la supresi\u00f3n de los datos personales y solicite en su lugar la limitaci\u00f3n de su uso; el responsable ya no necesite los datos personales para los fines del tratamiento, pero el interesado los necesite para la formulaci\u00f3n, el ejercicio o la defensa de reclamaciones; o el interesado se haya opuesto al tratamiento, mientras se verifica si los motivos leg\u00edtimos del responsable prevalecen sobre los del interesado. En tales casos, \u00fanicamente conservaremos los datos para el ejercicio o la defensa de reclamaciones.<\/p>\n<p><\/p>\n<p><\/p>\n<p>En determinadas circunstancias y por motivos relacionados con su situaci\u00f3n particular, usted podr\u00e1 oponerse al tratamiento de sus datos. S.COOP. DE CLM ALMENDRAS SIERRA DE SEGURA dejar\u00e1 de tratar los datos, salvo por motivos leg\u00edtimos imperiosos, o el ejercicio o la defensa de posibles reclamaciones.<\/p>\n<p><\/p>\n<p><\/p>\n<p>Tendr\u00e1 derecho a recibir los datos personales que le incumban, y que haya facilitado, en un formato estructurado, y a transmitirlos a otro responsable del tratamiento sin que lo impida el responsable al que se los hubiera facilitado, cuando, el tratamiento este basado en el consentimiento; o le tratamiento se efect\u00fae por medios automatizados.<\/p>\n<p><\/p>\n<p><\/p>\n<p>Cuando las personas afectadas ejerzan los derechos de acceso, rectificaci\u00f3n, supresi\u00f3n y oposici\u00f3n, limitaci\u00f3n del tratamiento, portabilidad de datos y a no ser objeto de decisiones individualizadas automatizadas, deber\u00e1n comunicarlo por correo electr\u00f3nico a la direcci\u00f3n almendroliva@almendroliva.com<\/p>\n<p><\/p>\n<p><\/p>\n<p>Si considera que sus datos personales no han sido tratados conforme a<br \/>la normativa, puede contactar con almendroliva@almendroliva.com<br \/>Asimismo podr\u00e1 presentar una reclamaci\u00f3n ante la Agencia Espa\u00f1ola de<br \/>Protecci\u00f3n de Datos, especialmente cuando no haya obtenido la<br \/>satisfacci\u00f3n en el ejercicio de sus derechos, a trav\u00e9s de la sede<br \/>electr\u00f3nica en www.aepd.es.<\/p>\n<p><\/p>\n<p><\/p>\n<p><strong>Procedencia:<\/strong><br \/>Los datos personales que tratamos en S.COOP. DE CLM ALMENDRAS SIERRA DE SEGURA proceden del propio interesado y son facilitados a trav\u00e9s de los formularios habilitados en la p\u00e1gina Web.<\/p>\n<p><\/p>\n<p><\/p>\n<p><strong>Confidencialidad:<\/strong><br \/>Los datos personales que S.COOP. DE CLM ALMENDRAS SIERRA DE SEGURA pueda recabar a trav\u00e9s del Sitio Web o por medio de las distintas comunicaciones que mantenga con el Usuario ser\u00e1n tratados con absoluta confidencialidad, comprometi\u00e9ndose S.COOP. DE CLM ALMENDRAS SIERRA DE SEGURA a guardar secreto respecto de los mismos y garantizando el deber de guardarlos adoptando todas las medidas necesarias que eviten su alteraci\u00f3n, p\u00e9rdida, tratamiento o acceso no autorizado, de acuerdo con lo establecido en la legislaci\u00f3n aplicable.<\/p>\n<p><\/p>\n<p><\/p>\n<p><strong>Seguridad:<\/strong><br \/>S.COOP. DE CLM ALMENDRAS SIERRA DE SEGURA ha implementado y mantiene los niveles de seguridad adecuados para proteger los datos de car\u00e1cter personal del Usuario frente a p\u00e9rdidas fortuitas y accesos, tratamientos o revelaciones no autorizados, habida cuenta del estado de la tecnolog\u00eda, la naturaleza de los datos almacenados y los riesgos a que est\u00e1n expuestos.<\/p>\n<p><\/p>[\/vc_column_text][\/vc_column][\/vc_row]","protected":false},"excerpt":{"rendered":"<p>[vc_row][vc_column][vc_column_text] &nbsp; DATOS PERSONALES Y COOKIES En cumplimiento de lo establecido en la normativa de protecci\u00f3n de datos le informamos de los siguientes aspectos: Identificaci\u00f3n del Responsable de Tratamiento:\u2013 Identidad: S.COOP DE CLM ALMENDRAS SIERRA DE SEGURA\u2013 Direcci\u00f3n: POLIGONO AGROPECUARIO, 15-16\u2013 Tel\u00e9fono: 967411112\u2013 Correo electr\u00f3nico: almendroliva@almendroliva.com Contenido y aceptaci\u00f3nSe informa al usuario del tratamiento y [&hellip;]<\/p>\n","protected":false},"author":1,"featured_media":0,"parent":0,"menu_order":0,"comment_status":"closed","ping_status":"closed","template":"","meta":{"footnotes":""},"class_list":["post-1720","page","type-page","status-publish","hentry"],"aioseo_notices":[],"_links":{"self":[{"href":"https:\/\/www.almendroliva.es\/index.php?rest_route=\/wp\/v2\/pages\/1720","targetHints":{"allow":["GET"]}}],"collection":[{"href":"https:\/\/www.almendroliva.es\/index.php?rest_route=\/wp\/v2\/pages"}],"about":[{"href":"https:\/\/www.almendroliva.es\/index.php?rest_route=\/wp\/v2\/types\/page"}],"author":[{"embeddable":true,"href":"https:\/\/www.almendroliva.es\/index.php?rest_route=\/wp\/v2\/users\/1"}],"replies":[{"embeddable":true,"href":"https:\/\/www.almendroliva.es\/index.php?rest_route=%2Fwp%2Fv2%2Fcomments&post=1720"}],"version-history":[{"count":4,"href":"https:\/\/www.almendroliva.es\/index.php?rest_route=\/wp\/v2\/pages\/1720\/revisions"}],"predecessor-version":[{"id":1810,"href":"https:\/\/www.almendroliva.es\/index.php?rest_route=\/wp\/v2\/pages\/1720\/revisions\/1810"}],"wp:attachment":[{"href":"https:\/\/www.almendroliva.es\/index.php?rest_route=%2Fwp%2Fv2%2Fmedia&parent=1720"}],"curies":[{"name":"wp","href":"https:\/\/api.w.org\/{rel}","templated":true}]}}