{"id":1565,"date":"2019-11-13T12:33:23","date_gmt":"2019-11-13T12:33:23","guid":{"rendered":"http:\/\/www.almendroliva.es\/?page_id=1565"},"modified":"2019-11-28T13:01:56","modified_gmt":"2019-11-28T13:01:56","slug":"nosotros-2","status":"publish","type":"page","link":"https:\/\/www.almendroliva.es\/?page_id=1565","title":{"rendered":"INSTALACIONES"},"content":{"rendered":"<p>[vc_row][vc_column][vc_single_image image=\u00bb1754&#8243; img_size=\u00bbfull\u00bb css=\u00bb.vc_custom_1574943813588{margin-top: 0px !important;border-top-width: 0px !important;padding-top: 0px !important;}\u00bb][vc_row_inner][vc_column_inner width=\u00bb1\/3&#8243;][vc_single_image image=\u00bb1753&#8243; img_size=\u00bbfull\u00bb alignment=\u00bbcenter\u00bb][\/vc_column_inner][vc_column_inner width=\u00bb2\/3&#8243;][vc_column_text]Las instalaciones de la cooperativa se encuentran en el<strong> Pol\u00edgono Agropecuario del municipio de Elche de la Sierra<\/strong>, ocupan una superficie de 7.200 m2, de los cuales 4.000 m2 est\u00e1n utilizados por la secci\u00f3n de almendra, por dos naves de 2.500 m2 totales y unos patios de 1.500 m2, dentro de estas naves se encuentran las oficinas ubicadas en la planta baja, la planta de arriba se compone de una sala dedicada para la formaci\u00f3n de nuestros socios y reuniones.<\/p>\n<p>En 1.100 m2 tenemos un almac\u00e9n destinado a albergar productos fitosanitarios, abonos y una tienda de venta a socios de casi todos los art\u00edculos necesarios para la agricultura.<\/p>\n<p>En el resto, es decir 2.100 m2, se encuentra los patios de la almazara, la zona de elaboraci\u00f3n de aceite de oliva, bodega, almac\u00e9n de materias primas, almac\u00e9n de producto acabado y la envasadora de aceite.<\/p>\n<p>Adem\u00e1s se dispone una depuradora que ocupa una superficie de 175 m2 de un solar rustico de 4060 m2, junto al Pol\u00edgono Agropecuario.<\/p>\n<p>En el municipio de Bogarra se dispone de unas instalaciones consistentes en un almac\u00e9n de 390 m2 y un patio de 1060 m2.<\/p>\n<p>En el municipio de Yeste se dispone de un punto de recogida de aceituna, con una tolva y un peque\u00f1o almac\u00e9n.[\/vc_column_text][vc_gmaps link=\u00bb#E-8_JTNDaWZyYW1lJTIwc3JjJTNEJTIyaHR0cHMlM0ElMkYlMkZ3d3cuZ29vZ2xlLmNvbSUyRm1hcHMlMkZlbWJlZCUzRnBiJTNEJTIxMW0xOCUyMTFtMTIlMjExbTMlMjExZDU1NTguMzc3MjI0MzQ3MDY2JTIxMmQtMi4wNDI4Nzc0OTk0MTEzODc2JTIxM2QzOC40NDY5MzgwMDQxNDk1MyUyMTJtMyUyMTFmMCUyMTJmMCUyMTNmMCUyMTNtMiUyMTFpMTAyNCUyMTJpNzY4JTIxNGYxMy4xJTIxM20zJTIxMW0yJTIxMXMweGQ2NWM0ZTgyMTIzOGI5MyUyNTNBMHhkM2YyNDc1ODlkMTg2NDkzJTIxMnNBbG1lbmRyYXMlMjUyMFNpZXJyYSUyNTIwRGVsJTI1MjBTZWd1cmElMjUyQyUyNTIwQ29vcGVyYXRpdmElMjE1ZTElMjEzbTIlMjExc2VzJTIxMnNlcyUyMTR2MTU3NDk0NTcwNjMyMyUyMTVtMiUyMTFzZXMlMjEyc2VzJTIyJTIwd2lkdGglM0QlMjI2MDAlMjIlMjBoZWlnaHQlM0QlMjI0NTAlMjIlMjBmcmFtZWJvcmRlciUzRCUyMjAlMjIlMjBzdHlsZSUzRCUyMmJvcmRlciUzQTAlM0IlMjIlMjBhbGxvd2Z1bGxzY3JlZW4lM0QlMjIlMjIlM0UlM0MlMkZpZnJhbWUlM0U=\u00bb css_animation=\u00bbnone\u00bb][\/vc_column_inner][\/vc_row_inner][\/vc_column][\/vc_row]<\/p>\n","protected":false},"excerpt":{"rendered":"<p>[vc_row][vc_column][vc_single_image image=\u00bb1754&#8243; img_size=\u00bbfull\u00bb css=\u00bb.vc_custom_1574943813588{margin-top: 0px !important;border-top-width: 0px !important;padding-top: 0px !important;}\u00bb][vc_row_inner][vc_column_inner width=\u00bb1\/3&#8243;][vc_single_image image=\u00bb1753&#8243; img_size=\u00bbfull\u00bb alignment=\u00bbcenter\u00bb][\/vc_column_inner][vc_column_inner width=\u00bb2\/3&#8243;][vc_column_text]Las instalaciones de la cooperativa se encuentran en el Pol\u00edgono Agropecuario del municipio de Elche de la Sierra, ocupan una superficie de 7.200 m2, de los cuales 4.000 m2 est\u00e1n utilizados por la secci\u00f3n de almendra, por dos naves de 2.500 [&hellip;]<\/p>\n","protected":false},"author":1,"featured_media":0,"parent":0,"menu_order":0,"comment_status":"closed","ping_status":"closed","template":"","meta":{"footnotes":""},"class_list":["post-1565","page","type-page","status-publish","hentry"],"aioseo_notices":[],"_links":{"self":[{"href":"https:\/\/www.almendroliva.es\/index.php?rest_route=\/wp\/v2\/pages\/1565","targetHints":{"allow":["GET"]}}],"collection":[{"href":"https:\/\/www.almendroliva.es\/index.php?rest_route=\/wp\/v2\/pages"}],"about":[{"href":"https:\/\/www.almendroliva.es\/index.php?rest_route=\/wp\/v2\/types\/page"}],"author":[{"embeddable":true,"href":"https:\/\/www.almendroliva.es\/index.php?rest_route=\/wp\/v2\/users\/1"}],"replies":[{"embeddable":true,"href":"https:\/\/www.almendroliva.es\/index.php?rest_route=%2Fwp%2Fv2%2Fcomments&post=1565"}],"version-history":[{"count":5,"href":"https:\/\/www.almendroliva.es\/index.php?rest_route=\/wp\/v2\/pages\/1565\/revisions"}],"predecessor-version":[{"id":1767,"href":"https:\/\/www.almendroliva.es\/index.php?rest_route=\/wp\/v2\/pages\/1565\/revisions\/1767"}],"wp:attachment":[{"href":"https:\/\/www.almendroliva.es\/index.php?rest_route=%2Fwp%2Fv2%2Fmedia&parent=1565"}],"curies":[{"name":"wp","href":"https:\/\/api.w.org\/{rel}","templated":true}]}}